visor of 516 and 86301?
129
What is the greatest common factor of 427 and 4819?
61
Calculate the highest common factor of 1589 and 107598.
227
Calculate the highest common factor of 173580 and 120.
60
Calculate the greatest common factor of 324 and 5652.
36
What is the highest common divisor of 201 and 35979?
201
What is the highest common factor of 28710 and 315?
45
What is the highest common divisor of 19297 and 2024?
23
What is the highest common divisor of 14729 and 20215?
13
What is the highest common factor of 647636 and 451?
451
What is the highest common factor of 3381 and 2793?
147
What is the highest common divisor of 145 and 107126?
29
What is the highest common divisor of 826880 and 76?
76
What is the greatest common factor of 8704 and 1836?
68
What is the highest common factor of 2015 and 61535?
155
Calculate the greatest common factor of 28785 and 1995.
285
Calculate the greatest common factor of 150 and 91800.
150
Calculate the greatest common factor of 5862 and 558.
6
Calculate the greatest common divisor of 44486 and 12626.
118
What is the greatest common factor of 160314 and 2100?
42
What is the greatest common divisor of 22 and 59554?
22
What is the greatest common factor of 621 and 11408?
23
Calculate the highest common divisor of 496171 and 195.
13
Calculate the greatest common factor of 49077 and 12464.
779
Calculate the greatest common factor of 1938 and 66348.
114
What is the highest common divisor of 1037 and 8780279?
1037
Calculate the greatest common divisor of 7035 and 2556519.
1407
Calculate the greatest common factor of 171 and 19285.
19
Calculate the greatest common factor of 285817 and 1862.
931
What is the greatest common divisor of 56 and 810194?
14
Calculate the greatest common factor of 15410 and 737.
67
What is the highest common divisor of 110494 and 25162?
1094
What is the highest common divisor of 2125 and 27200?
425
Calculate the greatest common factor of 1626 and 94579.
271
Calculate the highest common divisor of 10094 and 5253.
103
What is the greatest common divisor of 1987908 and 156?
156
What is the greatest common divisor of 4881 and 2463?
3
Calculate the greatest common factor of 5413260 and 1992.
996
Calculate the greatest common factor of 177547 and 43.
43
Calculate the greatest common divisor of 780 and 323220.
60
What is the greatest common divisor of 304 and 2239112?
152
What is the highest common factor of 6516 and 1458?
18
Calculate the highest common factor of 20 and 303748.
4
Calculate the greatest common divisor of 25789 and 17425.
697
Calculate the highest common factor of 778661 and 39.
13
What is the highest common divisor of 2349936 and 72?
72
What is the highest common divisor of 32890 and 1650?
110
Calculate the highest common factor of 9291 and 12.
3
What is the highest common divisor of 153816 and 8439?
87
Calculate the highest common factor of 2557611 and 693.
63
What is the highest common factor of 51942 and 10032?
66
What is the highest common factor of 3176 and 2376839?
397
Calculate the greatest common factor of 3497699 and 62.
31
What is the greatest common factor of 34 and 1992026?
34
Calculate the greatest common factor of 205459 and 23.
23
What is the highest common factor of 24265 and 17365?
115
What is the highest common factor of 2808 and 364?
52
What is the highest common factor of 88604 and 204?
68
What is the greatest common factor of 6970 and 410?
410
What is the highest common factor of 7 and 724752?
7
Calculate the highest common factor of 434 and 1590176.
434
Calculate the greatest common factor of 47346 and 858.
78
Calculate the greatest common factor of 2651220 and 156.
156
Calculate the highest common factor of 963 and 166599.
963
Calculate the highest common divisor of 1224 and 458496.
72
Calculate the highest common divisor of 151 and 48773.
151
What is the highest common divisor of 1104 and 19734?
138
What is the greatest common divisor of 845 and 86021?
169
What is the greatest common factor of 24 and 1712?
8
Calculate the highest common divisor of 4146680 and 166.
166
What is the greatest common divisor of 13986 and 1755?
27
Calculate the greatest common divisor of 168 and 15771.
21
What is the highest common divisor of 8560 and 15920?
80
What is the greatest common divisor of 250698 and 1128?
282
What is the highest common divisor of 3526 and 2666?
86
Calculate the greatest common divisor of 20 and 6404.
4
Calculate the highest common divisor of 742 and 56.
14
What is the greatest common factor of 6732 and 4131?
153
Calculate the greatest common divisor of 913 and 355157.
913
Calculate the greatest common divisor of 984 and 78392.
328
Calculate the greatest common divisor of 36 and 27603.
9
What is the highest common factor of 240 and 511320?
120
What is the greatest common divisor of 8322 and 10074?
438
What is the highest common divisor of 26560 and 498?
166
What is the highest common factor of 57732 and 54672?
204
Calculate the highest common divisor of 148340 and 170.
10
Calculate the highest common factor of 449106 and 7104.
222
What is the highest common divisor of 67 and 8703?
1
Calculate the greatest common factor of 170617 and 122.
61
Calculate the highest common divisor of 164790 and 270.
90
Calculate the greatest common divisor of 1176 and 25676.
196
Calculate the highest common divisor of 44 and 530002.
22
What is the greatest common factor of 7248 and 542392?
1208
What is the highest common divisor of 27 and 291087?
27
Calculate the highest common factor of 62 and 16678.
62
Calculate the highest common factor of 518287 and 901.
53
What is the greatest common factor of 1591014 and 6?
6
What is the greatest common factor of 27 and 379593?
27
What is the greatest common factor of 21728 and 280?
56
What is the highest common divisor of 864 and 17172?
108
Calculate the greatest common factor of 42966 and 13167.
693
Calculate the greatest common factor of 1383604 and 382.
382
Calculate the highest common factor of 12580 and 7820.
340
What is the highest common factor of 481 and 739223?
37
Calculate the highest common factor of 3445516 and 1448.
724
Calculate the greatest common divisor of 82806 and 3730.
746
What is the greatest common factor of 9460 and 23177?
473
Calculate the highest common divisor of 185370 and 60.
30
What is the highest common factor of 132 and 208428?
132
What is the highest common divisor of 13 and 388063?
13
Calculate the highest common divisor of 31263 and 663.
51
Calculate the greatest common divisor of 121 and 1177.
11
Calculate the highest common factor of 180236 and 7.
7
What is the highest common factor of 201 and 2441212?
67
Calculate the greatest common divisor of 1928 and 625154.
482
What is the greatest common factor of 1221377 and 19?
19
What is the greatest common divisor of 9397170 and 90?
90
What is the highest common divisor of 4628 and 10036?
52
What is the highest common factor of 24381 and 26187?
903
What is the highest common divisor of 8 and 644536?
8
Calculate the highest common factor of 1388 and 784.
4
Calculate the highest common factor of 24 and 15540.
12
What is the greatest common divisor of 1791545 and 595?
595
What is the highest common divisor of 1495786 and 158?
158
What is the greatest common factor of 268996 and 35?
7
What is the greatest common divisor of 189685 and 295?
295
Calculate the greatest common divisor of 543 and 155117.
181
Calculate the highest common divisor of 166 and 6125234.
166
What is the greatest common factor of 30750 and 13250?
250
What is the greatest common factor of 354 and 90?
6
What is the highest common factor of 15219 and 342?
171
What is the greatest common factor of 600054 and 42?
42
Calculate the greatest common divisor of 103778 and 684.
38
What is the highest common divisor of 776279 and 5719?
301
Calculate the highest common factor of 3626 and 22246.
98
Calculate the highest common factor of 33 and 41008.
11
What is the highest common divisor of 1666 and 14602?
98
Calculate the greatest common factor of 4321 and 82.
1
Calculate the greatest common divisor of 6784 and 11.
1
What is the highest common factor of 70 and 165290?
10
What is the highest common factor of 306832 and 127?
127
What is the highest common divisor of 448 and 5322240?
448
What is